ber?
False
Is 25986787 a prime number?
True
Is 397961021 composite?
True
Is 103959529 a prime number?
False
Is 91223043 composite?
True
Is 3835291 prime?
True
Is 42812723 a prime number?
False
Is 8146223 a prime number?
True
Is 8061151 a prime number?
False
Is 13204219 composite?
True
Is 12030419 a composite number?
False
Is 7057099 a composite number?
True
Is 599603 prime?
True
Is 45486745 composite?
True
Is 39831443 prime?
False
Is 124633 a composite number?
False
Is 40213799 composite?
True
Is 5218627 a composite number?
False
Is 1664023 prime?
False
Is 8541679 composite?
False
Is 30931 a prime number?
True
Is 1812905 prime?
False
Is 184636631 prime?
True
Is 1591631 prime?
True
Is 97619989 a prime number?
True
Is 416341 a composite number?
True
Is 15463835 a prime number?
False
Is 23001103 prime?
True
Is 5625283 a composite number?
True
Is 297571381 composite?
True
Is 142978579 composite?
False
Is 176831 a prime number?
False
Is 1825247 composite?
True
Is 636629 composite?
True
Is 8920507 prime?
False
Is 5013427 a prime number?
True
Is 295105 composite?
True
Is 13808281 a composite number?
False
Is 11520547 a prime number?
False
Is 722318 composite?
True
Is 1390573 a composite number?
False
Is 269346515 a prime number?
False
Is 57601337 a prime number?
False
Is 36684137 composite?
True
Is 4573839 a composite number?
True
Is 154011439 a prime number?
False
Is 27101458 a prime number?
False
Is 3550229 a prime number?
False
Is 5099873 a composite number?
False
Is 310752901 prime?
False
Is 164706733 a prime number?
True
Is 41031437 composite?
False
Is 5052167 a prime number?
True
Is 39631915 prime?
False
Is 14144671 prime?
True
Is 80980105 composite?
True
Is 8857447 prime?
True
Is 407389 prime?
False
Is 227161945 a composite number?
True
Is 3516587 composite?
True
Is 81684157 a composite number?
False
Is 21755261 composite?
True
Is 63072497 a prime number?
True
Is 539652973 a prime number?
True
Is 80210021 composite?
False
Is 113236307 a composite number?
False
Is 20372601 a composite number?
True
Is 5315957 composite?
False
Is 4752031 prime?
True
Is 5505679 prime?
False
Is 5310247 composite?
False
Is 16970549 prime?
True
Is 35606053 composite?
True
Is 1699835127 prime?
False
Is 88619374 prime?
False
Is 905413 a composite number?
False
Is 3924379 prime?
False
Is 9937229 a prime number?
True
Is 45575057 a prime number?
False
Is 11125687 composite?
False
Is 3538111 composite?
True
Is 195493 a prime number?
True
Is 26437945 a composite number?
True
Is 673747 prime?
True
Is 6705911 a composite number?
False
Is 3094997 a prime number?
False
Is 17392409 composite?
True
Is 2400017 composite?
True
Is 64507337 a composite number?
True
Is 8065573 composite?
False
Is 329097479 a composite number?
False
Is 128987 prime?
True
Is 24187661 composite?
False
Is 5865209 a prime number?
False
Is 3711391 composite?
True
Is 38556407 a composite number?
True
Is 1054344055 a composite number?
True
Is 3678053 a composite number?
False
Is 65752847 composite?
False
Is 638796493 a prime number?
True
Is 185597 a composite number?
True
Is 74742949 composite?
False
Is 56081 a prime number?
True
Is 56813507 a prime number?
False
Is 27316279 prime?
True
Is 56697187 composite?
True
Is 17422261 composite?
False
Is 9052643 composite?
False
Is 2138713 a prime number?
True
Is 3130723 a prime number?
False
Is 421727783 a prime number?
True
Is 2468441 a composite number?
True
Is 10567343 a prime number?
True
Is 108630191 a composite number?
False
Is 79471387 prime?
True
Is 2756441 a composite number?
False
Is 19327001 prime?
False
Is 1685561 prime?
False
Is 6994447 a composite number?
False
Is 12138781 a prime number?
False
Is 635419 a prime number?
False
Is 544602587 a prime number?
True
Is 25673561 prime?
True
Is 654319 prime?
False
Is 599754137 a composite number?
False
Is 1233779 a composite number?
False
Is 8340781 a prime number?
True
Is 37559233 prime?
True
Is 369027535 composite?
True
Is 46259819 a composite number?
True
Is 151471 a prime number?
True
Is 2025223 composite?
True
Is 353702059 a prime number?
True
Is 5693581 a prime number?
False
Is 18861097 composite?
False
Is 5556055 composite?
True
Is 550993 a prime number?
True
Is 702266 composite?
True
Is 53671007 a composite number?
True
Is 51842789 a composite number?
True
Is 7904774 composite?
True
Is 64941407 composite?
False
Is 7086323 composite?
True
Is 111211799 a prime number?
True
Is 31842758 prime?
False
Is 2259493 a composite number?
False
Is 861995 composite?
True
Is 88992937 a composite number?
True
Is 31196413 composite?
False
Is 10534087 a prime number?
False
Is 84265577 composite?
True
Is 31929119 a composite number?
True
Is 258324409 prime?
False
Is 498532345 composite?
True
Is 3917539 a composite number?
True
Is 4280383 a composite number?
False
Is 37831 a prime number?
True
Is 82459453 a prime number?
False
Is 29212873 a composite number?
True
Is 1879181 composite?
True
Is 4337761 a prime number?
False
Is 73087439 a prime number?
True
Is 1241159 a composite number?
False
Is 4903513 a composite number?
False
Is 828371 a composite number?
False
Is 110279271 prime?
False
Is 4407511 prime?
False
Is 24033889 prime?
False
Is 3193829 a prime number?
False
Is 155895163 a prime number?
True
Is 116990071 a composite number?
True
Is 144063281 composite?
True
Is 15193181 prime?
False
Is 6257281 prime?
True
Is 23180881 a composite number?
False
Is 19366663 a prime number?
True
Is 1052829763 composite?
False
Is 1552789 a composite number?
True
Is 505891871 a prime number?
True
Is 58022801 composite?
False
Is 503458441 composite?
False
Is 21815759 prime?
False
Is 8349409 prime?
False
Is 148066123 a composite number?
False
Is 7090691 a composite number?
False
Is 60694133 a composite number?
True
Is 2035919 a composite number?
False
Is 67997541 prime?
False
Is 49636537 a composite number?
False
Is 4270881 prime?
False
Is 33289897 a prime number?
True
Is 568017911 prime?
False
Is 25169989 a composite number?
True
Is 2155429 composite?
False
Is 27763873 a prime number?
False
Is 14930831 prime?
False
Is 81179249 prime?
True
Is 45957119 a composite number?
True
Is 792823 a prime number?
False
Is 2032219 composite?
True
Is 3446551 composite?
False
Is 13237529 prime?
False
Is 83562431 a composite number?
False
Is 24653839 prime?
False
Is 39756257 a composite number?
False
Is 45669761 composite?
False
Is 9150717 composite?
True
Is 2899033 prime?
False
Is 9263939 a composite number?
False
Is 10256621 composite?
False
Is 6603299 prime?
True
Is 18882401 a prime number?
True
Is 15967181 a composite number?
False
Is 1678861 composite?
False
Is 16675423 prime?
True
Is 709381 a prime number?
True
Is 331297369 a composite number?
True
Is 171172081 prime?
False
Is 4904621 composite?
True
Is 448572953 a composite number?
True
Is 106783643 composite?
True
Is 341819171 a prime number?
True
Is 6814813 a composite number?
True
Is 55459255 composite?
True
Is 818033 a prime number?
False
Is 11313811 a composite number?
False
Is 57699391 a prime number?
False
Is 55708597 a composite number?
True
Is 1127659 composite?
True
Is 127684019 a prime number?
False
Is 21286331 composite?
True
Is 37335769 composite?
False
Is 199588067 prime?
False
Is 88892651 composite?
True
Is 3141097 prime?
True
Is 23865719 composite?
False
Is 7770001 composite?
False
Is 3518161 a composite number?
False
Is 31062319 a composite number?
False
Is 40185647 prime?
True
Is 27169543 a prime number?
False
Is 48966707 composite?
True
Is 7239229 a prime number?
False
Is 14380571 a composite number?
True
Is 301583 a composite number?
False
Is 20769271 a composite number?
False
Is 94389221 prime?
True
Is 694621 composite?
True
Is 3771665 a composite number?
True
Is 4012829 a composite number?
False
Is 4862621 composite?
False
Is 36260479 a composite number?
False
Is 34250927 prime?
True
Is 4301141 composite?
True
Is 34875523 a prime number?
True
Is 321240983 composite?
True
Is 73330771 a composite number?
True
Is 23771981 composite?
False
Is 646693213 a prime number?
False
Is 29451781 a prime number?
True
Is 23032855 a prime number?
False
Is 21444541 a composite number?
False
Is 42485433 composite?
True
Is 700957 prime?
False
Is 70286743 a composite number?
True
Is 219467029